 7, what is -13301202 - -5?
-13301164
In base 13, what is 4 + -b17143?
-b1713c
In base 8, what is 2423 + -30513?
-26070
In base 12, what is 419 - -21602a?
216447
In base 8, what is 2740174 + -20?
2740154
In base 4, what is 1212123 - -1202221?
3021010
In base 4, what is 2 + 2212111021001?
2212111021003
In base 2, what is 100 + -1101101000100100000011?
-1101101000100011111111
In base 7, what is 5 - -2031440511?
2031440516
In base 6, what is 245300322 - 2?
245300320
In base 5, what is 1021211 - 424?
1020232
In base 16, what is 5d27 + -106f?
4cb8
In base 15, what is -3 - -e0497a?
e04977
In base 4, what is -22200 + 231221323?
231133123
In base 2, what is -1000 - -100101101010011000111?
100101101010010111111
In base 15, what is -3 - -6dd988?
6dd985
In base 7, what is 440342 + 3334?
444006
In base 3, what is 222 - -101000222121?
101001000120
In base 2, what is 111111111000010100000010110101 - 100?
111111111000010100000010110001
In base 6, what is -3521105235 + 0?
-3521105235
In base 11, what is 53a1820a - 3?
53a18207
In base 13, what is -9921b + 23?
-991c8
In base 2, what is 10000100111010011 + -111001000?
10000100000001011
In base 14, what is -5ac401 + 10?
-5ac3d1
In base 7, what is -55443 + -35164?
-123640
In base 6, what is -121 - -1120433?
1120312
In base 13, what is -2b5 + 2535c1?
253309
In base 11, what is -19591 + 12?
-1957a
In base 3, what is -221200010111102 - 21?
-221200010111200
In base 10, what is -4045 - -4937?
892
In base 13, what is 5cc41 - 42?
5cbcc
In base 5, what is 4 + -204011201004?
-204011201000
In base 6, what is 2455 - 132501?
-130002
In base 9, what is -115355870 - 5?
-115355875
In base 9, what is 28 + 461183?
461222
In base 4, what is 21221 + -2310030?
-2222203
In base 8, what is -16057 - 44244?
-62323
In base 4, what is -201120110133 + 10?
-201120110123
In base 16, what is -4 + 1084261?
108425d
In base 16, what is -2 + d89e8e?
d89e8c
In base 5, what is -33211131 - 2?
-33211133
In base 15, what is -e + -4d5c4?
-4d5d3
In base 15, what is 65ad2 - d5d?
64c74
In base 4, what is 103021 - -1223313?
1333000
In base 6, what is 13153335343 + 2?
13153335345
In base 6, what is 12543224 + 445?
12544113
In base 10, what is 0 - 76821041?
-76821041
In base 3, what is -200122222200221111 + 12?
-200122222200221022
In base 6, what is -1450122 - -313?
-1445405
In base 7, what is -46345316 - 5?
-46345324
In base 4, what is -13131 + 1132320?
1113123
In base 15, what is -8e9ed + -7?
-8ea05
In base 2, what is -1 - 101011011100010011001?
-101011011100010011010
In base 13, what is -86738 + -48?
-86783
In base 11, what is -2813419 + 21?
-28133a8
In base 4, what is -1300011211 + 1032?
-1300010113
In base 3, what is 10 - -1011121022022002211?
1011121022022002221
In base 7, what is 1526 - -24154?
26013
In base 2, what is -110011100110111110 + 1001101100101?
-110010011001011001
In base 16, what is 12e7885 - 1?
12e7884
In base 10, what is 7 - 841762?
-841755
In base 7, what is -153266011 + 3?
-153266005
In base 13, what is -71131 - -25?
-71109
In base 11, what is 2 + 2086aaaa?
20870001
In base 9, what is -63588 + 13438?
-50150
In base 9, what is 107 + 2383733?
2383841
In base 11, what is -3 + -5a9a5941?
-5a9a5944
In base 6, what is 13211430 + 201?
13212031
In base 4, what is 23 + 1123210012?
1123210101
In base 10, what is 92936399 + -1?
92936398
In base 5, what is 2 - 1013033142?
-1013033140
In base 10, what is 3484 - -3027?
6511
In base 12, what is -6b - 9499b?
-94a4a
In base 11, what is 849847 - -99?
849935
In base 15, what is 3a + -7a4e8?
-7a4ad
In base 2, what is -1011 + -10100110010010000110100?
-10100110010010000111111
In base 11, what is -21 - 2345627?
-2345648
In base 13, what is -5 - -20aa93?
20aa8b
In base 12, what is 562445 - -62b?
562a74
In base 9, what is 78775 + -5?
78770
In base 14, what is -45 + 120ad?
12068
In base 6, what is 32402110 - -332?
32402442
In base 8, what is 67113 + -354?
66537
In base 13, what is 1b14 + -192a?
1b7
In base 6, what is 2241431352 - 4?
2241431344
In base 10, what is -1212 + -260309?
-261521
In base 4, what is 30 + -32023233001?
-32023232311
In base 9, what is -3 - 260454?
-260457
In base 15, what is -348 + -8ca3?
-90eb
In base 8, what is -631 + -21637?
-22470
In base 12, what is 2 + -244a2651?
-244a264b
In base 4, what is 11211201010 - -3203?
11211210213
In base 10, what is -2 - -3321441?
3321439
In base 6, what is 113105314 + 4?
113105322
In base 12, what is -565b625 + 14?
-565b611
In base 11, what is -7481a + 1052?
-73778
In base 10, what is 909 - 60870?
-59961
In base 13, what is a43b7 - -711?
a4ac8
In base 3, what is -11002121110 - -200222?
-11001220111
In base 10, what is -587 + -16652?
-17239
In base 13, what is 58 + 25258?
252b3
In base 13, what is 2386 - 4a2bc?
-47c36
In base 2, what is -100 + -10010110110011100110?
-10010110110011101010
In base 7, what is -5232 + -23023?
-31255
In base 5, what is -21010 - -304033332?
304012322
In base 10, what is -2 + 285145?
285143
In base 16, what is 9 - -64159?
64162
In base 16, what is -1 + -1f24e0?
-1f24e1
In base 6, what is 1 + -35020405323?
-35020405322
In base 8, what is -15 - -103516324?
103516307
In base 12, what is -58b01 + b?
-58ab2
In base 6, what is 415012541352 - 3?
415012541345
In base 4, what is 3110301330313 + -2?
3110301330311
In base 16, what is -13 + -20e?
-221
In base 4, what is 31312122221 - -3?
31312122230
In base 5, what is -10 - 430123401022?
-430123401032
In base 2, what is -10111001000011011 + 111101110?
-10111000000101101
In base 14, what is -5 - cab682?
-cab687
In base 6, what is -40132 + 101?
-40031
In base 10, what is -6284503 + 30?
-6284473
In base 6, what is 143541 + 1415?
145400
In base 7, what is -2 + -30100033?
-30100035
In base 8, what is 3564327 - 2?
3564325
In base 3, what is 101212001 - 1201201012?
-1022212011
In base 10, what is 68701 - -286?
68987
In base 6, what is -13 - 224405011?
-224405024
In base 5, what is 2304434032 + 2?
2304434034
In base 12, what is -63482 - 2b1?
-63773
In base 10, what is -738 - 426047?
-426785
In base 12, what is b55 - 67222?
-66289
In base 8, what is 4 - 15733040?
-15733034
In base 15, what is -51 + 1eddb8?
1edd67
In base 13, what is 3 - 2ca3b593?
-2ca3b590
In base 13, what is -1b46472 - -2?
-1b46470
In base 12, what is 822 - -47b6?
5418
In base 10, what is 2195 + -62220?
-60025
In base 13, what is 2b7b9 - -29b?
2ba87
In base 8, what is -13744650 + 66?
-13744562
In base 9, what is 12861114 + 6?
12861121
In base 7, what is 33 - 1051251?
-1051215
In base 9, what is 1564062 + 382?
1564454
In base 5, what is -113202 + 330322?
212120
In base 13, what is -5 + -3a45438b?
-3a454393
In base 11, what is 17 + 169555a7?
16955613
In base 12, what is -6462945 - 2a?
-6462973
In base 5, what is 12130 - -1022432?
1040112
In base 9, what is 1887542 - -48?
1887601
In base 6, what is -411321 - -22?
-411255
In base 5, what is -4 - 2014330223?
-2014330232
In base 9, what is 3 + -2582465?
-2582462
In base 7, what is -65 - -22623610?
22623512
In base 15, what is 14 - -205369?
20537d
In base 13, what is -15cc738 - -4?
-15cc734
In base 15, what is 6 - -228d9d6?
228d9dc
In base 8, what is -2716567 - 74?
-2716663
In base 10, what is 44326 - -1558?
45884
In base 14, what is 45b5 - 1c248?
-17a73
In base 4, what is 0 - 11022131121333?
-11022131121333
In base 10, what is -3569538 + 3?
-3569535
In base 12, what is 5 - -303985?
30398a
In base 12, what is 4903 + 15a08?
1a70b
In base 5, what is -140 + -1320231140?
-1320231330
In base 14, what is -24c0423 + 5?
-24c041c
In base 14, what is 4 - 5d2682d?
-5d26829
In base 13, what is 2a51057 + -1?
2a51056
In base 12, what is a65a1 - 76?
a6527
In base 15, what is 3 - -5a918c?
5a9190
In base 2, what is -1111111000101100111001 - 10101?
-1111111000101101001110
In base 9, what is 2 - 25100562?
-25100560
In base 11, what is -631804135 - 4?
-631804139
In base 10, what is 154210 - 24?
154186
In base 11, what is -8177294 - 5?
-8177299
In base 3, what is -22211 - -202101221?
202002010
In base 10, what is 297 + -110849?
-110552
In base 8, what is 2 - -56044275?
56044277
In base 10, what is 70640 - -3103?
73743
In base 9, what is -1624 + 1152?
-462
In base 3, what is -1 - -1000200112001112?
1000200112001111
In base 16, what is -11349af6 + -4?
-11349afa
In base 10, what is -40125 - 113?
-40238
In ba